11
100 (base 2) to base 4
10
What is 4 (base 16) in base 11?
4
Convert -7 (base 9) to base 14.
-7
1e (base 16) to base 5
110
What is -5 (base 13) in base 11?
-5
-4 (base 8) to base 2
-100
What is -19 (base 16) in base 9?
-27
1 (base 4) to base 13
1
What is 8 (base 9) in base 11?
8
What is 0 (base 7) in base 11?
0
Convert 10a (base 11) to base 8.
203
6 (base 10) to base 6
10
Convert 1000011 (base 2) to base 3.
2111
Convert 3 (base 14) to base 12.
3
Convert -8 (base 15) to base 8.
-10
What is 6 (base 7) in base 10?
6
What is 36 (base 16) in base 7?
105
Convert 34 (base 6) to base 15.
17
Convert -c (base 13) to base 8.
-14
What is 3 (base 10) in base 7?
3
153 (base 14) to base 11
225
What is 3c (base 13) in base 10?
51
Convert -2 (base 4) to base 2.
-10
Convert 1 (base 11) to base 6.
1
Convert 308 (base 9) to base 13.
164
Convert 10220 (base 3) to base 14.
77
What is 2 (base 13) in base 16?
2
What is 16 (base 7) in base 15?
d
What is 4d (base 16) in base 14?
57
-131 (base 4) to base 6
-45
-2 (base 12) to base 3
-2
What is -9 (base 14) in base 4?
-21
Convert -4 (base 8) to base 14.
-4
What is -222 (base 3) in base 8?
-32
What is 1 (base 3) in base 6?
1
-4d (base 16) to base 6
-205
Convert 25 (base 12) to base 4.
131
Convert -10 (base 4) to base 12.
-4
What is 4 (base 14) in base 13?
4
2 (base 14) to base 2
10
What is -7f (base 16) in base 8?
-177
-236 (base 8) to base 12
-112
What is -11 (base 3) in base 14?
-4
-30 (base 5) to base 10
-15
What is -1 (base 13) in base 6?
-1
Convert -341 (base 5) to base 7.
-165
1 (base 2) to base 4
1
Convert -25 (base 9) to base 2.
-10111
Convert 45 (base 12) to base 7.
104
-3 (base 14) to base 10
-3
-123 (base 8) to base 13
-65
-1 (base 15) to base 16
-1
Convert -13 (base 7) to base 12.
-a
Convert -12 (base 5) to base 4.
-13
Convert 3 (base 7) to base 4.
3
What is -10010010 (base 2) in base 3?
-12102
What is 222 (base 7) in base 4?
1302
What is -113 (base 9) in base 14?
-69
What is 1010 (base 2) in base 15?
a
-65 (base 9) to base 8
-73
What is 2 (base 5) in base 13?
2
Convert 2b (base 16) to base 15.
2d
What is -2c (base 13) in base 8?
-46
21 (base 9) to base 10
19
8 (base 13) to base 11
8
-3 (base 13) to base 10
-3
What is 5 (base 10) in base 11?
5
What is -4 (base 6) in base 2?
-100
What is 1 (base 16) in base 6?
1
5 (base 6) to base 2
101
Convert 21 (base 12) to base 7.
34
15 (base 14) to base 7
25
What is 3 (base 12) in base 11?
3
-20 (base 4) to base 10
-8
What is -22 (base 15) in base 7?
-44
Convert -103 (base 5) to base 9.
-31
21 (base 7) to base 9
16
1 (base 13) to base 6
1
Convert 2 (base 4) to base 8.
2
-2 (base 12) to base 5
-2
What is 64 (base 10) in base 16?
40
-10 (base 5) to base 14
-5
Convert -81 (base 11) to base 14.
-65
2 (base 5) to base 16
2
What is 5 (base 6) in base 2?
101
What is -3 (base 7) in base 16?
-3
-5 (base 13) to base 14
-5
What is -9 (base 11) in base 7?
-12
0 (base 6) to base 5
0
What is 12 (base 4) in base 10?
6
-22 (base 5) to base 7
-15
-1 (base 9) to base 4
-1
What is 4 (base 16) in base 11?
4
Convert 4 (base 9) to base 6.
4
-2 (base 9) to base 4
-2
-7 (base 13) to base 8
-7
What is 101 (base 3) in base 12?
a
Convert -12 (base 3) to base 2.
-101
What is -93 (base 13) in base 8?
-170
Convert 15 (base 7) to base 5.
22
-2 (base 16) to base 9
-2
13 (base 9) to base 11
11
What is -c6 (base 16) in base 12?
-146
What is -11 (base 2) in base 13?
-3
Convert -111 (base 7) to base 3.
-2010
-1 (base 8) to base 5
-1
-2 (base 10) to base 14
-2
110 (base 2) to base 8
6
What is 343 (base 7) in base 15?
bd
What is 20 (base 15) in base 8?
36
1 (base 12) to base 2
1
10001101 (base 2) to base 5
1031
0 (base 11) to base 4
0
Convert -a (base 16) to base 8.
-12
Convert -203 (base 9) to base 2.
-10100101
Convert 22 (base 16) to base 6.
54
What is -1 (base 4) in base 6?
-1
What is -5 (base 14) in base 8?
-5
Convert 1 (base 7) to base 5.
1
Convert 23 (base 4) to base 12.
b
-73 (base 12) to base 9
-106
9b (base 15) to base 13
b3
100000 (base 2) to base 14
24
What is 4 (base 5) in base 8?
4
-2 (base 16) to base 8
-2
Convert 3 (base 5) to base 12.
3
Convert -1020 (base 4) to base 3.
-2200
What is 19 (base 15) in base 3?
220
6 (base 9) to base 4
12
What is 3 (base 5) in base 12?
3
2 (base 8) to base 9
2
Convert -23 (base 5) to base 4.
-31
0 (base 3) to base 5
0
10 (base 4) to base 10
4
What is 6 (base 12) in base 15?
6
Convert 23 (base 15) to base 6.
53
Convert -60 (base 11) to base 5.
-231
Convert 10 (base 7) to base 13.
7
What is 0 (base 13) in base 6?
0
What is -4 (base 14) in base 6?
-4
What is -1111 (base 2) in base 13?
-12
3 (base 5) to base 14
3
What is -4 (base 9) in base 6?
-4
What is -30 (base 5) in base 12?
-13
Convert -15 (base 9) to base 12.
-12
What is 113 (base 4) in base 2?
10111
2 (base 4) to base 11
2
What is 1304 (base 5) in base 4?
3030
Convert -10 (base 4) to base 9.
-4
What is -87 (base 15) in base 2?
-1111111
Convert -1 (base 11) to base 6.
-1
Convert -168 (base 14) to base 15.
-143
What is -1110111 (base 2) in base 5?
-434
111001 (base 2) to base 14
41
What is 19 (base 11) in base 10?
20
Convert 3d (base 15) to base 7.
112
What is 3 (base 14) in base 4?
3
140 (base 5) to base 2
101101
101 (base 2) to base 16
5
Convert 1 (base 8) to base 5.
1
30 (base 4) to base 15
c
-6 (base 9) to base 12
-6
Convert 0 (base 8) to base 12.
0
What is 5 (base 10) in base 3?
12
-1 (base 2) to base 12
-1
Convert -1 (base 6) to base 5.
-1
Convert 33 (base 5) to base 8.
22
Convert -2 (base 13) to base 10.
-2
What is 112 (base 3) in base 4?
32
65 (base 8) to base 5
203
-2 (base 6) to base 5
-2
What is 211 (base 4) in base 6?
101
Convert 60 (base 8) to base 11.
44
-10 (base 3) to base 15
-3
10b (base 12) to base 10
155
Convert -170 (base 15) to base 9.
-406
-4 (base 8) to base 6
-4
Convert 12 (base 7) to base 16.
9
What is 42 (base 13) in base 6?
130
-10 (base 4) to base 3
-11
Convert 2011 (base 3) to base 11.
53
-1 (base 5) to base 16
-1
Convert -1434 (base 5) to base 9.
-301
12 (base 7) to base 16
9
-57 (base 11) to base 10
-62
What is -312 (base 9) in base 15?
-11e
What is -77 (base 9) in base 4?
-1012
Convert 1102 (base 3) to base 16.
26
-3 (base 5) to base 10
-3
What is -1b (base 15) in base 2?
-11010
What is -150 (base 8) in base 4?
-1220
Convert 0 (base 13) to base 8.
0
81 (base 12) to base 10
97
Convert 21 (base 14) to base 3.
1002
6 (base 10) to base 11
6
What is -100 (base 2) in base 13?
-4
What is 311 (base 5) in base 12?
69
11 (base 4) to base 6
5
Convert 53 (base 8) to base 3.
1121
What is 23 (base 14) in base 9?
34
323 (base 6) to base 10
123
What is 52 (base 16) in base 14?
5c
-1214 (base 5) to base 6
-504
Convert 4 (base 10) to base 14.
4
-141 (base 8) to base 7
-166
Convert 1011 (base 2) to base 7.
14
What is 534 (base 6) in base 7?
406
Convert 12 (base 8) to base 14.
a
Convert -a (base 11) to base 13.
-a
What is -114 (base 5) in base 10?
-34
Convert 2 (base 8) to base 16.
2
Convert -323 (base 5) to base 9.
-107
What is -19 (base 15) in base 13?
-1b
-101 (base 2) to base 10
-5
Convert -1212 (base 3) to base 11.
-46
What is 11 (base 9) in base 11?
a
-10010 (base 4) to base 7
-521
What is -10 (base 5) in base 6?
-5
11 (base 8) to base 15
9
Convert 14 (base 13) to base 16.
11
27 (base 8) to base 7
32
What is -11 (base 9) in base 10?
-10
What is -1142 (base 5) in base 9?
-211
-4 (base 12) to base 5
-4
Convert -63 (base 9) to base 12.
-49
What is -52 (base 10) in base 4?
-310
-64 (base 10) to base 13
-4c
-1f (base 16) to base 8
-37
What is -1 (base 10) in base 15?
-1
Convert -1120 (base 3) to base 2.
-101010
Convert 1015 (base 6) to base 11.
197
-243 (base 7) to base 3
-11210
What is -1001 (base 2) in base 6?
-13
-1 (base 10) to base 7
-1
Convert -10 (base 8) to base 5.
-13
What is -9 (base 13) in base 16?
-9
Convert -120 (base 3) to base 8.
-17
Convert 10 (base 2) to base 8.
2
10101101 (base 2) to base 16
ad
Convert -1a4 (base 13) to base 8.
-457
Convert 65 (base 8) to base 9.
58
-1 (base 11) to base 10
-1
Convert -a1 (base 13) to base 14.
-95
Convert 10 (base 10) to base 5.
20
What is 1 (base 9) in base 13?
1
What is 320 (base 4) in base 13?
44
0 (base 7) to base 5
0
-11 (base 4) to base 7
-5
1003 (base 4) to base 2
1000011
What is -8 (base 15) in base 2?
-1000
Convert 0 (base 11) to base 